emainder when (-7 - -2)*y/15 is divided by 9?
7
Let x = 50 - 31. Suppose 2*n + 3*n - 127 = -2*i, -i = -n - 53. Calculate the remainder when i is divided by x.
18
Suppose 26*a - 25*a - 11 = 0. Calculate the remainder when 107 is divided by a.
8
Let y(a) = -a + 14. What is the remainder when y(-8) is divided by 9?
4
Suppose -3*c + 59 + 16 = 0. Calculate the remainder when 46 is divided by c.
21
Suppose 4*a + 24 = -4*r - 0*r, -5*a = 2*r - 3. Let t be (r + -1)/(-1*1). Suppose 4*d = 2*d + t. What is the remainder when 17 is divided by d?
5
Let x(z) = 2*z**2 - z - 2. Suppose -6*g + 4 = -7*g. Let i = 31 + -19. What is the remainder when x(g) is divided by i?
10
Let a(f) = -5*f - 31. Calculate the remainder when 55 is divided by a(-9).
13
Suppose 5*x + 3*c - 33 = 0, -x - 17 = -4*x + c. Let z = 7 + -4. Suppose -20 = q - z*q. What is the remainder when q is divided by x?
4
Suppose 0 = 3*s - 8*s + 10. Suppose s*n = -0*a + 2*a, -a + 4*n = 9. Calculate the remainder when (-92)/(-6)*a/2 is divided by 8.
7
Let r(n) = n**2 - 3*n - 4. Let l be r(-4). Suppose -5*q = 3*g - g - l, -q + 6 = g. What is the remainder when 17 is divided by q?
1
Let n = 47 + -14. Calculate the remainder when n is divided by 7.
5
Let u = -148 + 217. Suppose 2*x + 23 = u. Let o = -75 - -83. Calculate the remainder when x is divided by o.
7
Let s(a) be the first derivative of a**2 - a - 3. Let d be s(-2). Let j = 8 + d. Calculate the remainder when 7 is divided by j.
1
Let l(g) = -g + 21. What is the remainder when 28 is divided by l(4)?
11
Suppose -z = 4*w - 17, -2*z = 4*w + 4 - 26. Suppose -w*q + 12 = -3, 4*c = -5*q + 89. What is the remainder when 31 is divided by c?
15
Suppose 5*t + 0*x - 5*x = 55, -t - 5*x = 13. Calculate the remainder when 27 is divided by t.
6
Let v(k) = -k**3 - 3*k**2 - 3*k - 6. Calculate the remainder when v(-5) is divided by 10.
9
What is the remainder when 21 is divided by (-12)/4*(-20)/(-24)*-2?
1
Suppose s + 108 - 385 = -5*g, 4*g + 1156 = 4*s. Calculate the remainder when s is divided by 9.
8
Suppose -10 = 4*i - 5*k - 107, -2*i + 56 = -4*k. Let u(o) = o**3 + o**2 - 3*o + 2. Suppose -4*j - j = -20. What is the remainder when u(j) is divided by i?
16
Let u(p) = -52*p**2 + 2*p - 3. Let g(n) = n**2 - n + 1. Let q(l) = -3*g(l) - u(l). What is the remainder when q(1) is divided by 17?
16
Suppose -5*m = -3*c + 27 - 112, 2*m - 5*c - 53 = 0. Suppose 5*j + 5*p = 10, 3*j = 6*j + 2*p - 8. Calculate the remainder when m is divided by j.
2
Suppose -2*r - 3 = 4*d + 3, 5*r - 5*d = 45. Let n be 3/r - (-171)/15. Suppose -n = -p - p. What is the remainder when 17 is divided by p?
5
Let h(b) = b**2 - 8*b - 15. Calculate the remainder when 28 is divided by h(10).
3
Let p = 75 + -42. What is the remainder when 131 is divided by p?
32
Let d(i) be the first derivative of i**4/2 + 5*i**3/3 + 3*i**2/2 + 4*i - 2. Let u be d(-3). Let r = u + 23. What is the remainder when 25 is divided by r?
7
Let m = -14 - -25. Calculate the remainder when 28 is divided by m.
6
Suppose -82 = -4*a + 74. Suppose y + y - 28 = 0. What is the remainder when a is divided by y?
11
Let h = -10 + 12. Suppose h*d + d = 12. Calculate the remainder when 10 is divided by d.
2
Suppose 3*d = -3*m + 57, -4 = 2*d - 2. Calculate the remainder when 38 is divided by m.
18
Suppose 0 = y - b - 5 - 6, -55 = -5*y + b. Let q(v) = -v**3 - 3*v**2 - v + 3. Calculate the remainder when y is divided by q(-3).
5
Let n(o) = -2*o + 15. What is the remainder when n(0) is divided by 8?
7
Let i = -19 - -22. Let p(r) = 28*r**3 - 2*r + 1. Calculate the remainder when p(1) is divided by 17 - 0/2 - i.
13
Suppose 5*g = 7*g - 4. What is the remainder when 4 is divided by g?
0
Suppose -3*t + 28 = -2. Let b = 31 - 2. Let l = b - 10. What is the remainder when l is divided by t?
9
Let z = 11 - 7. Suppose -i + z = 2. Suppose 2*c + 2*c - k - 77 = 0, 2 = -i*k. What is the remainder when c is divided by 10?
9
Let c = 81 + -31. Calculate the remainder when 249 is divided by c.
49
Suppose -2*z = 3*d + 2 + 3, -5*d = 4*z + 7. What is the remainder when 10 - 4 - (1 - 0) is divided by z?
1
Let p = -20 + 35. Let s be (-10)/(-3)*18/p. Suppose -5*a + 13 = 2*d + d, s*d + 5*a = 24. Calculate the remainder when d is divided by 4.
3
Suppose 0*k - 5 = -5*k. Let j(v) = -4*v**3 - 2*v**2 + 1. Let a be j(k). Calculate the remainder when (-22)/a*(-10)/(-4) is divided by 3.
2
Suppose 4*j = 6 + 10. Suppose -j*w + 26 = -30. Let a = 32 - 24. What is the remainder when w is divided by a?
6
Let t(x) = -5 - 7*x - 8*x**2 - x**3 - 2*x + 3*x**3 - 3*x**3. What is the remainder when 26 is divided by t(-7)?
8
Suppose 14*d = 23*d - 954. What is the remainder when d is divided by 27?
25
Let b = 87 + -85. What is the remainder when 27 is divided by b?
1
Let o = 83 + -39. Calculate the remainder when o is divided by 23.
21
Let l = -46 - -64. Let i = l + -4. Let q(y) = 2*y**2 - 8*y + 2. Calculate the remainder when q(6) is divided by i.
12
Let y = 148 + -136. Calculate the remainder when 22 is divided by y.
10
Suppose 4*p + 2 + 14 = 0. Let b be ((-33)/p)/((-2)/(-16)). Suppose 0*l = 3*l - b. Calculate the remainder when l is divided by 12.
10
Let f = 67 + -33. Calculate the remainder when 133 is divided by f.
31
Let p = 26 - 36. Let s(t) = -t + 6. Suppose -3*d - 2 + 88 = o, -98 = -3*d + 2*o. Calculate the remainder when d is divided by s(p).
14
Suppose 2*r - 25 = -7. Calculate the remainder when -3 - 28/(-12) - (-222)/9 is divided by r.
6
Suppose -3*j - 72 = -6*j. Suppose 0 = -7*y + 32 + j. What is the remainder when 23 is divided by y?
7
Suppose t + 4*t + 22 = 2*u, 33 = u + 3*t. What is the remainder when 83 is divided by u?
20
Suppose 3*o - 362 - 79 = 0. Let w = o - 77. Calculate the remainder when w is divided by 18.
16
Let o = 20 + -7. Calculate the remainder when 49 is divided by o.
10
Suppose 4 = d + 5*i, 4*d + 0*d = -3*i - 35. Let b = d - -23. Suppose -4*x + 43 = o, -5*x = -13 + 3. What is the remainder when o is divided by b?
11
Suppose -123 = -3*z - 0*z. Let l = 88 - z. Calculate the remainder when l is divided by 16.
15
Suppose -i + 36 = i - 2*f, -2*f + 42 = 4*i. Calculate the remainder when 24 is divided by i.
11
Suppose 4*d + 2*d - 60 = 0. Calculate the remainder when 27 is divided by d.
7
Suppose 27 = -4*i + i. Suppose 3*d - 2*h + 10 = 27, -7 = 3*d + 4*h. What is the remainder when (2 + -8)*6/i is divided by d?
1
Let k(l) = -l**3 + 6*l**2 - 3*l - 2. Let s(g) = -g**3 + 10*g**2 - 8*g + 14. Calculate the remainder when s(9) is divided by k(5).
7
Let y = 2 - -8. Calculate the remainder when 17 is divided by y.
7
Let u(x) = 5 - 4 - 2 + 20*x**3. Calculate the remainder when 55 is divided by u(1).
17
Let g(p) = -p. Let n(c) = -4*c. Let a(k) = -10*g(k) + 3*n(k). Calculate the remainder when 10 is divided by a(-3).
4
Suppose 3*s = 6*s - 372. Suppose -3*u + s = u. Calculate the remainder when u is divided by 16.
15
Let q(x) = 0 - x - 5*x + 4 - x**3 - 5*x**2. Let s(y) = y**2 - 5*y - 1. Let l be s(4). Calculate the remainder when q(l) is divided by 12.
10
Let p(s) = s - 8. Let r = -6 + 6. Let t be p(r). Let x = -7 - t. What is the remainder when x is divided by 1?
0
Let u(c) = c**3 + 3*c**2 + 4. Let z be u(-3). Let t = 0 + z. Calculate the remainder when 6 is divided by t.
2
Let i(v) = -2*v + 68. Calculate the remainder when i(20) is divided by 9.
1
Suppose 4*g - 61 = 35. Let r = 45 - g. Suppose 3*o - r = -0*o. Calculate the remainder when 18 is divided by o.
4
Let i be -2*(1 - (-1 + 1)). What is the remainder when 39 is divided by (-6 + 7)/(i/(-28))?
11
Suppose -3*b - 13 = 35. Let f = b - -73. Calculate the remainder when f is divided by 15.
12
Let w(t) = t**2 + t - 10. Let j be w(-8). Let l = 113 - j. Calculate the remainder when l is divided by 23.
21
Let m = -23 + 47. What is the remainder when (-1)/(-6) + 92/m is divided by 3?
1
Let i(r) = -r**2 + 7*r + 11. Let q be i(8). Suppose 0 = 2*d + 5*u - 80, -4*d + q*u + 212 = -0*u. Let m = d + -29. What is the remainder when m is divided by 11?
10
Let t(f) = 4*f + 1. Suppose 0 = -3*p - 0*p + 12. What is the remainder when 31 is divided by t(p)?
14
Suppose 4*q - 815 + 47 = 0. Calculate the remainder when q is divided by 15.
12
Suppose -2*s + 124 = -4*a - 156, -5*a = 5*s - 640. Suppose -l - 3*l = -s. Calculate the remainder when l is d